{"id":953,"date":"2023-06-19T09:24:58","date_gmt":"2023-06-19T08:24:58","guid":{"rendered":"https:\/\/groussbus.lgs.lu\/?page_id=953"},"modified":"2023-06-23T16:20:26","modified_gmt":"2023-06-23T15:20:26","slug":"photoen-2022-2","status":"publish","type":"page","link":"https:\/\/groussbus.lgs.lu\/?page_id=953","title":{"rendered":"Photoen 2022"},"content":{"rendered":"\n<p><a href=\"https:\/\/groussbus.lgs.lu\/?p=999\" data-type=\"post\" data-id=\"999\">12.Februar 2022 Fuesparty bessi anescht<\/a><\/p>\n\n\n\n<p><a href=\"https:\/\/groussbus.lgs.lu\/?p=1002\" data-type=\"post\" data-id=\"1002\">26.M\u00e4rz 2022: Grouss Botz zu Gr\u00e9iwels<\/a><\/p>\n\n\n\n<p><a href=\"https:\/\/groussbus.lgs.lu\/?p=1015\" data-type=\"post\" data-id=\"1015\">24.Abr\u00ebll 2022 : Biber- a W\u00a8ellefchersrallye zu Bieles<\/a><\/p>\n\n\n\n<p><a href=\"https:\/\/groussbus.lgs.lu\/?p=1033\" data-type=\"post\" data-id=\"1033\">4.Juni 2022 : Bealtaine Festival um Neihaischen<\/a><\/p>\n\n\n\n<p><a href=\"https:\/\/groussbus.lgs.lu\/?p=1037\" data-type=\"post\" data-id=\"1037\">11.Juni 2022 : Nuit du sport zu Groussbus <\/a><\/p>\n\n\n\n<p><a href=\"https:\/\/groussbus.lgs.lu\/?p=1201\" data-type=\"post\" data-id=\"1201\">3.Juli 2022 : W\u00ebllefchersrallye um Staus\u00e9i<\/a><\/p>\n\n\n\n<p><a href=\"https:\/\/groussbus.lgs.lu\/?p=1049\" data-type=\"post\" data-id=\"1049\">24.-31.Juli 2022 : Camp zu Coburg (D)<\/a><\/p>\n\n\n\n<p><a href=\"https:\/\/groussbus.lgs.lu\/?p=1079\" data-type=\"post\" data-id=\"1079\">23.Oktober 2022 : Sortie<\/a><\/p>\n\n\n\n<p><a href=\"https:\/\/groussbus.lgs.lu\/?p=1086\" data-type=\"post\" data-id=\"1086\">12.November 2022 : Theater vun den Ettelbrecker Guiden<\/a><\/p>\n\n\n\n<p><a href=\"https:\/\/groussbus.lgs.lu\/?p=1106\" data-type=\"post\" data-id=\"1106\">19.November 2022 : Simply Scouting um Buurfelt<\/a><\/p>\n\n\n\n<p><a href=\"https:\/\/groussbus.lgs.lu\/?p=1117\" data-type=\"post\" data-id=\"1117\">3.Dezember 2022 : Adventsmaart zu Randschelt<\/a><\/p>\n\n\n\n<p><a href=\"https:\/\/groussbus.lgs.lu\/?p=1122\" data-type=\"post\" data-id=\"1122\">18.Dezember 2022 : Friddensliicht Bridel<\/a><\/p>\n","protected":false},"excerpt":{"rendered":"<p>12.Februar 2022 Fuesparty bessi anescht 26.M\u00e4rz 2022: Grouss Botz zu Gr\u00e9iwels 24.Abr\u00ebll 2022 : Biber- a W\u00a8ellefchersrallye zu Bieles 4.Juni 2022 : Bealtaine Festival um Neihaischen 11.Juni 2022 : Nuit du sport zu Groussbus 3.Juli 2022 : W\u00ebllefchersrallye um Staus\u00e9i 24.-31.Juli 2022 : Camp zu Coburg (D) 23.Oktober 2022 : Sortie 12.November 2022 : Theater &hellip; <a href=\"https:\/\/groussbus.lgs.lu\/?page_id=953\" class=\"more-link\">Continue reading <span class=\"screen-reader-text\">Photoen 2022<\/span><\/a><\/p>\n","protected":false},"author":2,"featured_media":0,"parent":0,"menu_order":0,"comment_status":"closed","ping_status":"closed","template":"","meta":{"footnotes":""},"class_list":["post-953","page","type-page","status-publish","hentry"],"publishpress_future_action":{"enabled":false,"date":"2026-04-28 14:01:52","action":"change-status","newStatus":"draft","terms":[],"taxonomy":"","extraData":[]},"publishpress_future_workflow_manual_trigger":{"enabledWorkflows":[]},"_links":{"self":[{"href":"https:\/\/groussbus.lgs.lu\/index.php?rest_route=\/wp\/v2\/pages\/953","targetHints":{"allow":["GET"]}}],"collection":[{"href":"https:\/\/groussbus.lgs.lu\/index.php?rest_route=\/wp\/v2\/pages"}],"about":[{"href":"https:\/\/groussbus.lgs.lu\/index.php?rest_route=\/wp\/v2\/types\/page"}],"author":[{"embeddable":true,"href":"https:\/\/groussbus.lgs.lu\/index.php?rest_route=\/wp\/v2\/users\/2"}],"replies":[{"embeddable":true,"href":"https:\/\/groussbus.lgs.lu\/index.php?rest_route=%2Fwp%2Fv2%2Fcomments&post=953"}],"version-history":[{"count":12,"href":"https:\/\/groussbus.lgs.lu\/index.php?rest_route=\/wp\/v2\/pages\/953\/revisions"}],"predecessor-version":[{"id":1204,"href":"https:\/\/groussbus.lgs.lu\/index.php?rest_route=\/wp\/v2\/pages\/953\/revisions\/1204"}],"wp:attachment":[{"href":"https:\/\/groussbus.lgs.lu\/index.php?rest_route=%2Fwp%2Fv2%2Fmedia&parent=953"}],"curies":[{"name":"wp","href":"https:\/\/api.w.org\/{rel}","templated":true}]}}