{"id":463,"date":"2022-03-13T17:25:18","date_gmt":"2022-03-13T16:25:18","guid":{"rendered":"https:\/\/groussbus.lgs.lu\/?page_id=463"},"modified":"2022-03-19T22:16:24","modified_gmt":"2022-03-19T21:16:24","slug":"dokumenter-biber","status":"publish","type":"page","link":"https:\/\/groussbus.lgs.lu\/?page_id=463","title":{"rendered":"Dokumenter Biber"},"content":{"rendered":"\n<p><\/p>\n\n\n\n<div class=\"wp-block-columns is-layout-flex wp-container-core-columns-is-layout-9d6595d7 wp-block-columns-is-layout-flex\">\n<div class=\"wp-block-column is-layout-flow wp-block-column-is-layout-flow\" style=\"flex-basis:33.33%\">\n<figure class=\"wp-block-image size-full is-resized\"><img loading=\"lazy\" decoding=\"async\" src=\"https:\/\/groussbus.lgs.lu\/wp-content\/uploads\/2022\/02\/Biber_rgb-300x300-1.png\" alt=\"\" class=\"wp-image-26\" width=\"219\" height=\"219\" srcset=\"https:\/\/groussbus.lgs.lu\/wp-content\/uploads\/2022\/02\/Biber_rgb-300x300-1.png 300w, https:\/\/groussbus.lgs.lu\/wp-content\/uploads\/2022\/02\/Biber_rgb-300x300-1-150x150.png 150w, https:\/\/groussbus.lgs.lu\/wp-content\/uploads\/2022\/02\/Biber_rgb-300x300-1-100x100.png 100w\" sizes=\"auto, (max-width: 219px) 100vw, 219px\" \/><\/figure>\n<\/div>\n\n\n\n<div class=\"wp-block-column is-layout-flow wp-block-column-is-layout-flow\" style=\"flex-basis:66.66%\">\n<p>Op d\u00ebser Sait f\u00ebnns du all Dokumenter mat Informatiounen, d\u00e9i fir eis Aktivit\u00e9iten wichteg sinn.<\/p>\n<\/div>\n<\/div>\n\n\n<hr style=\"height: 2px; border-width: 0; color: gray; background-color: gray;\">\n\n\n<div class=\"wp-block-columns is-layout-flex wp-container-core-columns-is-layout-9d6595d7 wp-block-columns-is-layout-flex\">\n<div class=\"wp-block-column is-layout-flow wp-block-column-is-layout-flow\">\n<figure class=\"wp-block-image size-full is-resized\"><img loading=\"lazy\" decoding=\"async\" src=\"https:\/\/groussbus.lgs.lu\/wp-content\/uploads\/fiche-medicale.jpg\" alt=\"\" class=\"wp-image-653\" width=\"113\" height=\"113\" srcset=\"https:\/\/groussbus.lgs.lu\/wp-content\/uploads\/fiche-medicale.jpg 225w, https:\/\/groussbus.lgs.lu\/wp-content\/uploads\/fiche-medicale-150x150.jpg 150w\" sizes=\"auto, (max-width: 113px) 100vw, 113px\" \/><\/figure>\n<\/div>\n\n\n\n<div class=\"wp-block-column is-layout-flow wp-block-column-is-layout-flow\">\n<p><a href=\"https:\/\/groussbus.lgs.lu\/wp-content\/uploads\/Fiche_Medicale_-18_LU2021-2-1.pdf\">Fiche m\u00e9dicale &lt;18<\/a><\/p>\n<\/div>\n\n\n\n<div class=\"wp-block-column is-layout-flow wp-block-column-is-layout-flow\">\n<p><a href=\"https:\/\/groussbus.lgs.lu\/wp-content\/uploads\/mini-fiche-medicale-1.pdf\">Mini Fiche M\u00e9dicale<\/a><\/p>\n<\/div>\n<\/div>\n\n\n<hr style=\"height: 2px; border-width: 0; color: gray; background-color: gray;\">\n\n\n<div class=\"wp-block-columns is-layout-flex wp-container-core-columns-is-layout-9d6595d7 wp-block-columns-is-layout-flex\">\n<div class=\"wp-block-column is-layout-flow wp-block-column-is-layout-flow\" style=\"flex-basis:33.33%\">\n<figure class=\"wp-block-image size-full\"><img loading=\"lazy\" decoding=\"async\" width=\"32\" height=\"20\" src=\"https:\/\/groussbus.lgs.lu\/wp-content\/uploads\/luxembourg-1.gif\" alt=\"\" class=\"wp-image-646\"><\/figure>\n<\/div>\n\n\n\n<div class=\"wp-block-column is-layout-flow wp-block-column-is-layout-flow\" style=\"flex-basis:66.66%\">\n<p><a href=\"https:\/\/groussbus.lgs.lu\/wp-content\/uploads\/PDF\/lux\/Averstaendniserklaerung-Biber.pdf\">Averst\u00e4ndniserkl\u00e4rung fir Fotoen<\/a><\/p>\n<\/div>\n<\/div>\n\n\n\n<div class=\"wp-block-columns is-layout-flex wp-container-core-columns-is-layout-9d6595d7 wp-block-columns-is-layout-flex\">\n<div class=\"wp-block-column is-layout-flow wp-block-column-is-layout-flow\" style=\"flex-basis:33.33%\">\n<figure class=\"wp-block-image size-full\"><img loading=\"lazy\" decoding=\"async\" width=\"32\" height=\"20\" src=\"https:\/\/groussbus.lgs.lu\/wp-content\/uploads\/germany.gif\" alt=\"\" class=\"wp-image-643\"><\/figure>\n<\/div>\n\n\n\n<div class=\"wp-block-column is-layout-flow wp-block-column-is-layout-flow\" style=\"flex-basis:66.66%\">\n<p><a href=\"https:\/\/groussbus.lgs.lu\/wp-content\/uploads\/PDF\/de\/Einverstaendniserklaerung-Fotos-Biber.pdf\">Einverst\u00e4ndniserkl\u00e4rung f\u00fcr Photo&#8217;s<\/a><\/p>\n<\/div>\n<\/div>\n\n\n\n<div class=\"wp-block-columns is-layout-flex wp-container-core-columns-is-layout-9d6595d7 wp-block-columns-is-layout-flex\">\n<div class=\"wp-block-column is-layout-flow wp-block-column-is-layout-flow\" style=\"flex-basis:33.33%\">\n<figure class=\"wp-block-image size-full\"><img loading=\"lazy\" decoding=\"async\" width=\"32\" height=\"20\" src=\"https:\/\/groussbus.lgs.lu\/wp-content\/uploads\/france.gif\" alt=\"\" class=\"wp-image-642\"><\/figure>\n<\/div>\n\n\n\n<div class=\"wp-block-column is-layout-flow wp-block-column-is-layout-flow\" style=\"flex-basis:66.66%\">\n<p><a href=\"https:\/\/groussbus.lgs.lu\/wp-content\/uploads\/PDF\/fr\/Autorisation-photos-Biber.pdf\">Autorisation pour photos<\/a><\/p>\n<\/div>\n<\/div>\n\n\n<hr style=\"height: 2px; border-width: 0; color: gray; background-color: gray;\">\n\n\n<div class=\"wp-block-columns is-layout-flex wp-container-core-columns-is-layout-9d6595d7 wp-block-columns-is-layout-flex\">\n<div class=\"wp-block-column is-layout-flow wp-block-column-is-layout-flow\" style=\"flex-basis:33.33%\">\n<figure class=\"wp-block-image size-full\"><img loading=\"lazy\" decoding=\"async\" width=\"200\" height=\"211\" src=\"https:\/\/groussbus.lgs.lu\/wp-content\/uploads\/MaterialLeschten\/Material.png\" alt=\"\" class=\"wp-image-715\"><\/figure>\n<\/div>\n\n\n\n<div class=\"wp-block-column is-layout-flow wp-block-column-is-layout-flow\" style=\"flex-basis:66.66%\">\n<p><a href=\"https:\/\/groussbus.lgs.lu\/wp-content\/uploads\/MaterialLeschten\/Materiallescht-Biber.pdf\">Material-L\u00ebscht fir mat ennerwee<\/a><\/p>\n<\/div>\n<\/div>\n","protected":false},"excerpt":{"rendered":"<p>Op d\u00ebser Sait f\u00ebnns du all Dokumenter mat Informatiounen, d\u00e9i fir eis Aktivit\u00e9iten wichteg sinn. Fiche m\u00e9dicale &lt;18 Mini Fiche M\u00e9dicale Averst\u00e4ndniserkl\u00e4rung fir Fotoen Einverst\u00e4ndniserkl\u00e4rung f\u00fcr Photo&#8217;s Autorisation pour photos Material-L\u00ebscht fir mat ennerwee<\/p>\n","protected":false},"author":2,"featured_media":0,"parent":0,"menu_order":0,"comment_status":"closed","ping_status":"closed","template":"","meta":{"footnotes":""},"class_list":["post-463","page","type-page","status-publish","hentry"],"publishpress_future_action":{"enabled":false,"date":"2026-05-09 05:51:12","action":"change-status","newStatus":"draft","terms":[],"taxonomy":"","extraData":[]},"publishpress_future_workflow_manual_trigger":{"enabledWorkflows":[]},"_links":{"self":[{"href":"https:\/\/groussbus.lgs.lu\/index.php?rest_route=\/wp\/v2\/pages\/463","targetHints":{"allow":["GET"]}}],"collection":[{"href":"https:\/\/groussbus.lgs.lu\/index.php?rest_route=\/wp\/v2\/pages"}],"about":[{"href":"https:\/\/groussbus.lgs.lu\/index.php?rest_route=\/wp\/v2\/types\/page"}],"author":[{"embeddable":true,"href":"https:\/\/groussbus.lgs.lu\/index.php?rest_route=\/wp\/v2\/users\/2"}],"replies":[{"embeddable":true,"href":"https:\/\/groussbus.lgs.lu\/index.php?rest_route=%2Fwp%2Fv2%2Fcomments&post=463"}],"version-history":[{"count":11,"href":"https:\/\/groussbus.lgs.lu\/index.php?rest_route=\/wp\/v2\/pages\/463\/revisions"}],"predecessor-version":[{"id":736,"href":"https:\/\/groussbus.lgs.lu\/index.php?rest_route=\/wp\/v2\/pages\/463\/revisions\/736"}],"wp:attachment":[{"href":"https:\/\/groussbus.lgs.lu\/index.php?rest_route=%2Fwp%2Fv2%2Fmedia&parent=463"}],"curies":[{"name":"wp","href":"https:\/\/api.w.org\/{rel}","templated":true}]}}